{"id":15,"date":"2019-11-26T19:23:20","date_gmt":"2019-11-26T19:23:20","guid":{"rendered":"http:\/\/padcomunicacion.com\/?page_id=15"},"modified":"2019-11-30T17:53:30","modified_gmt":"2019-11-30T17:53:30","slug":"consultoria","status":"publish","type":"page","link":"http:\/\/padcomunicacion.com\/index.php\/consultoria\/","title":{"rendered":"Consultor\u00eda"},"content":{"rendered":"\t\t<div data-elementor-type=\"wp-page\" data-elementor-id=\"15\" class=\"elementor elementor-15\">\n\t\t\t\t\t\t<section class=\"elementor-section elementor-top-section elementor-element elementor-element-2ed160a elementor-section-boxed elementor-section-height-default elementor-section-height-default\" data-id=\"2ed160a\" data-element_type=\"section\" data-e-type=\"section\">\n\t\t\t\t\t\t<div class=\"elementor-container elementor-column-gap-default\">\n\t\t\t\t\t<div class=\"elementor-column elementor-col-100 elementor-top-column elementor-element elementor-element-3e6ecf8\" data-id=\"3e6ecf8\" data-element_type=\"column\" data-e-type=\"column\">\n\t\t\t<div class=\"elementor-widget-wrap elementor-element-populated\">\n\t\t\t\t\t\t<div class=\"elementor-element elementor-element-64673ce elementor-widget elementor-widget-heading\" data-id=\"64673ce\" data-element_type=\"widget\" data-e-type=\"widget\" data-widget_type=\"heading.default\">\n\t\t\t\t<div class=\"elementor-widget-container\">\n\t\t\t\t\t<h2 class=\"elementor-heading-title elementor-size-xl\">CONSULTOR\u00cdA<\/h2>\t\t\t\t<\/div>\n\t\t\t\t<\/div>\n\t\t\t\t\t<\/div>\n\t\t<\/div>\n\t\t\t\t\t<\/div>\n\t\t<\/section>\n\t\t\t\t<section class=\"elementor-section elementor-top-section elementor-element elementor-element-a37ea5a elementor-section-boxed elementor-section-height-default elementor-section-height-default\" data-id=\"a37ea5a\" data-element_type=\"section\" data-e-type=\"section\">\n\t\t\t\t\t\t<div class=\"elementor-container elementor-column-gap-default\">\n\t\t\t\t\t<div class=\"elementor-column elementor-col-100 elementor-top-column elementor-element elementor-element-3bb32b1\" data-id=\"3bb32b1\" data-element_type=\"column\" data-e-type=\"column\">\n\t\t\t<div class=\"elementor-widget-wrap elementor-element-populated\">\n\t\t\t\t\t\t<section class=\"elementor-section elementor-inner-section elementor-element elementor-element-9c40a60 elementor-section-boxed elementor-section-height-default elementor-section-height-default\" data-id=\"9c40a60\" data-element_type=\"section\" data-e-type=\"section\">\n\t\t\t\t\t\t<div class=\"elementor-container elementor-column-gap-default\">\n\t\t\t\t\t<div class=\"elementor-column elementor-col-50 elementor-inner-column elementor-element elementor-element-e5f14f4\" data-id=\"e5f14f4\" data-element_type=\"column\" data-e-type=\"column\">\n\t\t\t<div class=\"elementor-widget-wrap elementor-element-populated\">\n\t\t\t\t\t\t<div class=\"elementor-element elementor-element-3d790cc elementor-widget elementor-widget-image\" data-id=\"3d790cc\" data-element_type=\"widget\" data-e-type=\"widget\" data-widget_type=\"image.default\">\n\t\t\t\t<div class=\"elementor-widget-container\">\n\t\t\t\t\t\t\t\t\t\t\t\t\t\t\t<img fetchpriority=\"high\" decoding=\"async\" width=\"600\" height=\"786\" src=\"http:\/\/padcomunicacion.com\/wp-content\/uploads\/2019\/11\/03_1_orig.jpg\" class=\"attachment-large size-large wp-image-174\" alt=\"\" srcset=\"http:\/\/padcomunicacion.com\/wp-content\/uploads\/2019\/11\/03_1_orig.jpg 600w, http:\/\/padcomunicacion.com\/wp-content\/uploads\/2019\/11\/03_1_orig-229x300.jpg 229w\" sizes=\"(max-width: 600px) 100vw, 600px\" \/>\t\t\t\t\t\t\t\t\t\t\t\t\t\t\t<\/div>\n\t\t\t\t<\/div>\n\t\t\t\t\t<\/div>\n\t\t<\/div>\n\t\t\t\t<div class=\"elementor-column elementor-col-50 elementor-inner-column elementor-element elementor-element-bea82b0\" data-id=\"bea82b0\" data-element_type=\"column\" data-e-type=\"column\">\n\t\t\t<div class=\"elementor-widget-wrap elementor-element-populated\">\n\t\t\t\t\t\t<div class=\"elementor-element elementor-element-777f42e elementor-widget elementor-widget-text-editor\" data-id=\"777f42e\" data-element_type=\"widget\" data-e-type=\"widget\" data-widget_type=\"text-editor.default\">\n\t\t\t\t<div class=\"elementor-widget-container\">\n\t\t\t\t\t\t\t\t\t<p><span style=\"color: #626262; font-family: Roboto;\">Ayudamos a los clientes a definir su propia imagen y comunicarla a su p\u00fablico objetivo.<\/span><br style=\"color: #626262; font-family: Roboto;\" \/><br style=\"color: #626262; font-family: Roboto;\" \/><span style=\"color: #626262; font-family: Roboto;\">Trabajamos con el cliente en el desarrollo de pol\u00edticas y planes de Comunicaci\u00f3n, volcados en campa\u00f1as espec\u00edficas y especialmente dise\u00f1adas para cada necesidad.<\/span><br style=\"color: #626262; font-family: Roboto;\" \/><br style=\"color: #626262; font-family: Roboto;\" \/><span style=\"color: #626262; font-family: Roboto;\">Junto al cliente, definimos el mensaje adecuado para alcanzar el objetivo fijado, y ponemos a su alcance los medios necesarios para impactar en el p\u00fablico objetivo.<\/span><\/p><p><span style=\"color: #626262; font-family: Roboto;\">Ofrecemos tambi\u00e9n los elementos necesarios para llevar adelante el Plan de Comunicaci\u00f3n, desde el dise\u00f1o de la Imagen y las piezas promocionales hasta los medios de Comunicaci\u00f3n Interna.<\/span><\/p><p><span style=\"color: #626262; font-family: Roboto;\">Estamos especializados en COMUNICACI\u00d3N POL\u00cdTICA E INSTITUCIONAL y en MANEJO DE CRISIS.<\/span><\/p>\t\t\t\t\t\t\t\t<\/div>\n\t\t\t\t<\/div>\n\t\t\t\t\t<\/div>\n\t\t<\/div>\n\t\t\t\t\t<\/div>\n\t\t<\/section>\n\t\t\t\t\t<\/div>\n\t\t<\/div>\n\t\t\t\t\t<\/div>\n\t\t<\/section>\n\t\t\t\t<\/div>\n\t\t","protected":false},"excerpt":{"rendered":"<p>CONSULTOR\u00cdA Ayudamos a los clientes a definir su propia imagen y comunicarla a su p\u00fablico objetivo.Trabajamos con el cliente en el desarrollo de pol\u00edticas y planes de Comunicaci\u00f3n, volcados en campa\u00f1as espec\u00edficas y especialmente dise\u00f1adas para cada necesidad.Junto al cliente, definimos el mensaje adecuado para alcanzar el objetivo fijado, y ponemos a su alcance los&hellip;&nbsp;<a href=\"http:\/\/padcomunicacion.com\/index.php\/consultoria\/\" rel=\"bookmark\">Leer m\u00e1s &raquo;<span class=\"screen-reader-text\">Consultor\u00eda<\/span><\/a><\/p>\n","protected":false},"author":1,"featured_media":0,"parent":0,"menu_order":0,"comment_status":"closed","ping_status":"closed","template":"page-templates\/template-pagebuilder-full-width.php","meta":{"neve_meta_sidebar":"default","neve_meta_container":"default","neve_meta_enable_content_width":"off","neve_meta_content_width":70,"neve_meta_title_alignment":"","neve_meta_author_avatar":"","neve_post_elements_order":"","neve_meta_disable_header":"off","neve_meta_disable_footer":"off","neve_meta_disable_title":"off","footnotes":""},"class_list":["post-15","page","type-page","status-publish","hentry"],"_links":{"self":[{"href":"http:\/\/padcomunicacion.com\/index.php\/wp-json\/wp\/v2\/pages\/15","targetHints":{"allow":["GET"]}}],"collection":[{"href":"http:\/\/padcomunicacion.com\/index.php\/wp-json\/wp\/v2\/pages"}],"about":[{"href":"http:\/\/padcomunicacion.com\/index.php\/wp-json\/wp\/v2\/types\/page"}],"author":[{"embeddable":true,"href":"http:\/\/padcomunicacion.com\/index.php\/wp-json\/wp\/v2\/users\/1"}],"replies":[{"embeddable":true,"href":"http:\/\/padcomunicacion.com\/index.php\/wp-json\/wp\/v2\/comments?post=15"}],"version-history":[{"count":5,"href":"http:\/\/padcomunicacion.com\/index.php\/wp-json\/wp\/v2\/pages\/15\/revisions"}],"predecessor-version":[{"id":330,"href":"http:\/\/padcomunicacion.com\/index.php\/wp-json\/wp\/v2\/pages\/15\/revisions\/330"}],"wp:attachment":[{"href":"http:\/\/padcomunicacion.com\/index.php\/wp-json\/wp\/v2\/media?parent=15"}],"curies":[{"name":"wp","href":"https:\/\/api.w.org\/{rel}","templated":true}]}}